3 + 154*b**2 - 130*b + 1615. Give d(-78).
-413
Let z(f) = 63*f**2 - 782*f + 7027. What is z(9)?
5092
Let g(k) = -2*k**3 + 208*k**2 - 215*k + 993. Calculate g(103).
66
Let y(l) = -518*l - 98420. Calculate y(-190).
0
Let t(k) = -100720*k - 201399. Determine t(-2).
41
Let x(c) = -c**2 - 127*c + 97761. Give x(-383).
-287
Let f(c) = 258088*c + 82588153. Determine f(-320).
-7
Let c(i) = -6008*i + 108172. Give c(18).
28
Let o(d) = -650*d - 1099162. What is o(-1691)?
-12
Let y(f) = -2*f**3 + 19*f**2 + 330*f + 443. Give y(-8).
43
Let m(g) = -g**2 + 3922*g - 2541351. What is m(819)?
6
Let c(j) = -599*j**2 - 6584*j - 28. Give c(-11).
-83
Let b(u) = 49132*u - 6239762. Give b(127).
2
Let z(c) = c**2 + 3435*c + 44562. Calculate z(-13).
76
Let w(y) = 8750*y - 43835. Give w(5).
-85
Let j(y) = -y**2 - 363*y + 16244. Calculate j(40).
124
Let p(n) = n**2 - 32*n - 4900. Calculate p(-61).
773
Let r(s) = 2053*s + 320274. Give r(-156).
6
Let m(x) = 4*x**2 - 2168*x + 53394. Determine m(516).
-270
Let w(h) = -2300*h - 641702. Calculate w(-279).
-2
Let n(s) = -232*s + 43846. What is n(190)?
-234
Let x(b) = -11114*b - 99566. What is x(-9)?
460
Let w(h) = -41199*h - 164797. Determine w(-4).
-1
Let x(z) = 4155*z + 253430. Calculate x(-61).
-25
Let n(j) = 34*j**2 + 211*j + 548. Calculate n(-4).
248
Let p(x) = -208821*x + 1044168. Give p(5).
63
Let m(v) = -18293*v - 237734. Calculate m(-13).
75
Let w(a) = 45*a**3 + 178*a**2 + 7*a + 27. Calculate w(-4).
-33
Let y(x) = -1361*x + 46112. Calculate y(34).
-162
Let k(p) = -1322115*p + 15865378. What is k(12)?
-2
Let v(o) = -o**3 + 5*o**2 - 211*o + 1793. Calculate v(8).
-87
Let h(w) = -w**3 + 109*w**2 + 333*w - 47508. Calculate h(108).
120
Let h(g) = 6102*g + 213652. Determine h(-35).
82
Let p(j) = -j**3 - 8*j**2 + 115*j - 178. Calculate p(6).
8
Let c(j) = -j**2 - 1150*j - 329127. What is c(-536)?
-23
Let f(i) = 2*i**3 - 3*i**2 - 127*i + 527. Determine f(-9).
-31
Let v(a) = 432*a - 6994. Determine v(16).
-82
Let q(g) = 12*g**2 - 2819*g + 23. Give q(0).
23
Let x(t) = t**3 + 163*t**2 + 923*t + 150447. What is x(-163)?
-2
Let q(r) = 7*r**2 - 835*r + 16674. Determine q(94).
36
Let a(k) = 2763*k - 1182647. Determine a(428).
-83
Let b(n) = 10*n**3 - 654*n**2 + 281*n - 1620. Give b(65).
-255
Let p(d) = -d**2 + 2323*d - 98092. Calculate p(43).
-52
Let l(g) = -137*g**2 - 4640*g + 5527. Determine l(-35).
102
Let f(n) = 123490*n - 246979. What is f(2)?
1
Let k(d) = -d**2 + 2375*d + 370769. Give k(-147).
35
Let s(a) = -2*a**3 + 19*a**2 + 365*a - 2801. Determine s(7).
-1
Let z(g) = g**3 - 163*g**2 + 72*g - 5235. Determine z(163).
6501
Let x(d) = 4490*d + 58316. Determine x(-13).
-54
Let h(i) = i**3 + 273*i**2 + 1174*i + 26339. Give h(-269).
-23
Let k(x) = -639*x - 5797. What is k(-7)?
-1324
Let c(d) = d**2 + 328*d + 23971. Calculate c(-110).
-9
Let d(m) = 5*m**3 - 14*m**2 + 18*m - 20. Calculate d(2).
0
Let m(v) = -14*v**3 - 2324*v**2 - 9*v - 1624. What is m(-166)?
-130
Let x(g) = -652*g + 2955. Calculate x(4).
347
Let u(j) = 287*j**2 + 1263*j + 1216. What is u(-3)?
10
Let n(y) = -5*y**2 + 5697*y - 84355. What is n(15)?
-25
Let h(g) = -3*g**3 - 3*g**2 + 53*g - 5. Determine h(-8).
915
Let p(n) = 5*n**2 - 240*n + 279. What is p(48)?
279
Let j(p) = 630*p - 5933. Determine j(13).
2257
Let n(t) = 1342*t - 171774. What is n(128)?
2
Let c(p) = 303755*p + 1822494. Give c(-6).
-36
Let o(p) = -4*p**2 - 203*p + 668. What is o(-53)?
191
Let v(k) = -60651*k + 2668678. Give v(44).
34
Let a(x) = -1015*x - 98452. What is a(-97)?
3
Let m(a) = -a**3 + 9*a**2 - 26*a + 223. What is m(9)?
-11
Let d(x) = -2*x**3 - 8*x**2 - 11*x - 22. What is d(-3)?
-7
Let m(z) = -541*z**2 - 40574*z + 49. What is m(-75)?
-26
Let g(x) = 133*x**2 - 7683*x - 7683. Determine g(-1).
133
Let q(x) = x**3 - 85*x**2 - 4*x + 497. What is q(85)?
157
Let a(b) = 234*b - 3793. Determine a(17).
185
Let x(v) = -v**2 + 75*v + 1418. What is x(-15)?
68
Let k(i) = 205295*i - 13754770. Calculate k(67).
-5
Let u(o) = 6*o**2 - 3168*o + 31681. What is u(10)?
601
Let f(y) = 9054*y - 72385. Calculate f(8).
47
Let f(i) = 1420*i - 13897. Give f(9).
-1117
Let a(v) = -2*v**3 + 853*v**2 + 2101*v + 18875. Give a(429).
-1
Let p(a) = -524*a - 3426. Determine p(-8).
766
Let f(u) = -u**3 + 62*u**2 + 334*u - 226. Give f(67).
-293
Let p(v) = 155*v + 18135. What is p(-127)?
-1550
Let z(l) = 3861*l + 31460. Determine z(-8).
572
Let p(h) = 9*h**2 + 102*h + 291. What is p(-5)?
6
Let s(r) = -16200*r - 178112. Determine s(-11).
88
Let g(c) = 7*c**3 - 579*c**2 + 414*c + 144. Determine g(82).
472
Let b(h) = -57*h**2 - 72*h + 370. Determine b(4).
-830
Let g(u) = 290*u - 213576. What is g(737)?
154
Let n(i) = -12*i**3 - 1565*i**2 - 652*i - 459. What is n(-130)?
-199
Let l(x) = 477*x - 46712. Determine l(96).
-920
Let b(i) = i**3 - 37*i**2 + 96*i + 215. What is b(34)?
11
Let i(c) = 798532*c - 2395603. Give i(3).
-7
Let y(w) = -2*w**3 - 69*w**2 - 80*w - 841. Calculate y(-34).
723
Let y(z) = -2*z**3 - 4*z**2 + 75*z - 137. Determine y(2).
-19
Let v(h) = -97*h**2 - 644*h - 72. Give v(-7).
-317
Let s(v) = -2*v**3 + 104*v**2 - 1104*v - 172. What is s(37)?
50
Let n(a) = -586*a**2 + 163488*a + 1647. Give n(279).
-27
Let p(i) = i**3 + 106*i**2 - 63*i - 2317. Calculate p(-107).
-7025
Let v(t) = -483*t - 31584. Determine v(-66).
294
Let i(c) = -794*c + 104020. What is i(131)?
6
Let t(z) = 20*z**2 - 1030*z + 12860. Calculate t(23).
-250
Let o(d) = -18908*d - 152375. What is o(-8)?
-1111
Let m(k) = 837*k - 9309. Give m(9).
-1776
Let a(x) = x**3 + 32*x**2 + 236*x - 26. What is a(-21)?
-131
Let a(y) = -10*y**3 - 171*y**2 + y + 93. Give a(-18).
2991
Let p(f) = f**3 - 48*f**2 - 30996*f - 22630. What is p(202)?
-6
Let v(p) = 37934*p - 3945142. Determine v(104).
-6
Let y(u) = -u**3 - 36*u**2 - 248*u + 72. What is y(-9)?
117
Let i(j) = 67*j**2 + 15616*j + 1184. Determine i(-233).
19
Let y(o) = -o**3 - 74*o**2 + 389*o + 28828. Calculate y(-74).
42
Let x(g) = -12*g**3 - 730*g**2 + 120*g - 157. Calculate x(-61).
-35
Let q(k) = 13*k**2 + 2836*k - 52228. What is q(17)?
-259
Let s(x) = 23*x**3 - 139*x**2 + 129*x - 853. Give s(6).
-115
Let c(h) = -212*h - 166. What is c(-4)?
682
Let x(l) = l**2 + 157*l - 3063. What is x(19)?
281
Let o(l) = -343*l**2 + 2742*l + 12. Give o(8).
-4
Let r(l) = -8*l**3 - 182*l**2 + 114*l + 1549. What is r(-23)?
-15
Let u(c) = -9508*c + 76086. What is u(8)?
22
Let t(o) = -648*o - 237206. Give t(-366).
-38
Let x(c) = 2*c**2 + 25*c - 59. What is x(3)?
34
Let i(v) = v**3 + 290*v**2 - 2614*v + 3736. Calculate i(7).
-9
Let b(i) = -149901*i + 599614. Give b(4).
10
Let w(x) = 216*x**2 + 2340*x - 363. Calculate w(-11).
33
Let v(c) = -33*c**2 - 85*c + 6. Give v(-3).
-36
Let l(n) = -4*n**3 + 1499*n**2 - 14229*n - 2186. Calculate l(365).
4
Let v(q) = 2*q**3 - 24*q**2 - 61*q + 417. Calculate v(13).
-38
Let n(o) = -85*o**2 - 9012*o - 205. Give n(-106).
7
Let w(i) = -2*i**3 + 23*i**2 - 5*i - 389. Calculate w(10).
-139
Let f(b) = -b**3 + 5*b**2 + 6991*b - 27991. Give f(4).
-11
Let c(a) = 5*a**3 - 54*a**2 - 48*a - 20. Give c(11).
-427
Let m(g) = -g**3 + 6*g**2 - 268*g + 3075. Calculate m(11).
-478
Let r(i) = -1361*i - 15116. Determine r(-11).
-145
Let n(p) = -6216*p + 198573. Determine n(32).
-339
Let b(j) = -2*j**3 - 23*j**2 - 40*j - 2148. Determine b(-15).
27
Let h(d) = -44*d**2 + 342*d - 2. Determine h(1).
296
Let o(q) = 2*q**2 + 99*q - 203. What is o(-54)?
283
Let b(d) = 1789*d - 1900. Give b(1).
-111
Let y(d) = -d**3 + 14*d**2 + 164*d - 2522. What is y(17)?
-601
Let w(p) = p**3 + 401*p**2 + 919*p + 48263. Calculate w(-399).
-16
Let y(v) = 437*v + 7530. Give y(-17).
101
Let q(a) = -57*a**2 + 51685*a + 64437. Give q(908).
-31
Let a(w) = -64*w**2 - 31298*w - 977. What is a(-489)?
1
Let r(v) = 3669*v + 4861431. What is r(-1325)?
6
Let y(t) = -13*t**2 + 155*t - 106. Give y(5).
344
Let y(p) = -p**3 + 108*p**2 - 2168*p - 1514. Determine y(81).
25
Let w(r) = -17*r**2 - 32*r + 11547. What is w(-27)?
18
Let v(q) = -q**3 - 2*q**2 + 89*q + 364. Determine v(-4).
40
Let l(h) = -2135971*h - 6407909. Calculate l(-3).
4
Let v(j) = -15*j**2 - 65*j + 1556. Give v(19).
-5094
Let r(a) = -a**3 - 18*a**2 - 1976*a - 37911. What is r(-19)?
-6
Let b(s) = -9*s**3 + 1686*s**2 + 2833*s + 443. Determine b(189).
65
Let q(i) = 2*i**3 - 16*i**2 - 105*i - 321. Determine 